 850861. Give h(16).
-51
Let y(q) = 13*q**2 - 9907*q - 130195. Determine y(775).
5
Let x(n) = 2*n**3 + 68*n**2 + 181*n + 1697. What is x(-32)?
1
Let r(j) = 8*j**3 + 477*j**2 + 1788*j + 26. Determine r(-4).
-6
Let j(w) = -w**3 + 741*w**2 - 95448*w - 1157. Calculate j(575).
-7
Let r(j) = -565*j**2 - 10167*j + 67. Calculate r(-18).
13
Let u(x) = -3*x**3 - 57*x**2 + 60*x - 4. Determine u(-20).
-4
Let r(q) = -3679*q + 33063. Determine r(9).
-48
Let w(r) = -92*r**2 - 85*r + 25. Give w(-2).
-173
Let d(v) = 33*v**2 + 212*v - 374. What is d(-14)?
3126
Let c(i) = -1554*i + 1152954. What is c(742)?
-114
Let g(z) = z**3 - 5*z**2 - 41*z + 34. Determine g(9).
-11
Let f(r) = r**2 + 487*r - 13728. What is f(28)?
692
Let l(f) = -223*f**2 + 12141*f + 12143. Calculate l(-1).
-221
Let h(w) = -322761*w - 7100680. What is h(-22)?
62
Let j(o) = o**3 - 84*o**2 + 313*o - 26307. Calculate j(84).
-15
Let z(l) = l**3 + 352*l**2 + 4793*l + 861. What is z(-14)?
7
Let z(v) = v**3 + 13*v**2 - 453*v - 6246. Give z(-13).
-357
Let b(r) = -11*r**2 - 10378*r + 51984. Calculate b(5).
-181
Let q(p) = 42652*p - 42394. What is q(1)?
258
Let u(x) = x**2 - 1621*x + 36760. Give u(23).
6
Let p(c) = 2*c**3 - 26*c**2 + 8*c - 152. Give p(0).
-152
Let m(b) = 39494*b + 39488. Calculate m(-1).
-6
Let c(p) = 3*p**2 + 572*p + 4922. Give c(-182).
190
Let g(c) = -9*c - 217. Calculate g(17).
-370
Let y(k) = k**2 - 1072*k - 28467. Determine y(-26).
81
Let w(u) = 135*u**2 + 5970*u + 7085. What is w(-43)?
-10
Let n(i) = i**3 + 81*i**2 + 424*i - 609. What is n(-75)?
1341
Let x(r) = -97*r - 624. Calculate x(-6).
-42
Let n(r) = 1724*r - 8734. Calculate n(5).
-114
Let n(x) = -265*x**2 + 749*x - 440. What is n(2)?
-2
Let p(s) = 1823*s**3 - 3*s**2 - 163*s + 165. Give p(1).
1822
Let i(x) = -683*x - 6239. What is i(-12)?
1957
Let u(h) = h**2 + 99*h - 6921. Determine u(47).
-59
Let s(f) = 619069*f - 24762755. Give s(40).
5
Let v(u) = 2*u**3 + 115*u**2 + 4128*u + 232047. Give v(-57).
0
Let x(i) = 144*i**2 + 78*i + 472. What is x(-4)?
2464
Let p(j) = 1131*j + 10255. Calculate p(-9).
76
Let o(p) = 6427*p + 507723. Determine o(-79).
-10
Let l(p) = p**3 - 298*p**2 - p - 7. Determine l(0).
-7
Let z(u) = -38*u**3 - 12*u**2 + 10*u - 15. Calculate z(2).
-347
Let i(p) = -5*p**2 - 3769*p + 167014. Determine i(42).
-104
Let b(l) = -17*l**2 - 335*l - 1034. Give b(-18).
-512
Let v(r) = -r**2 + 83179*r - 499033. Calculate v(6).
5
Let o(j) = 626*j + 1280. Give o(-3).
-598
Let r(q) = 57*q**2 - 1607*q + 14. Determine r(28).
-294
Let o(i) = -i**3 - 14*i**2 - 77*i - 701. What is o(-15)?
679
Let l(q) = -16*q**3 + 5*q**2 + 1595*q + 6374. Give l(-4).
1098
Let f(y) = 107*y**2 + 578*y - 84. Calculate f(-5).
-299
Let f(x) = 38*x**2 - 13811*x + 6213. Give f(363).
42
Let x(l) = -l**3 + 292*l**2 + 2037*l - 758936. What is x(290)?
-6
Let g(t) = -7394*t - 59154. Determine g(-8).
-2
Let b(i) = 727*i + 61080. Calculate b(-84).
12
Let i(w) = -252*w + 3265. Calculate i(27).
-3539
Let t(w) = -3*w**2 + 986*w - 2759. What is t(323)?
2732
Let m(k) = -k**3 + 12*k**2 + 265*k + 937. Determine m(-6).
-5
Let y(i) = -9*i**2 + 62467*i - 686045. Determine y(11).
3
Let i(a) = a**2 - 811*a + 73379. What is i(104)?
-149
Let a(j) = -15*j**2 + 333*j - 162. Calculate a(22).
-96
Let a(p) = -143*p**3 + p**2 - 69*p + 67. Calculate a(1).
-144
Let z(m) = -2*m**2 - 2843*m + 430385. Determine z(138).
-37
Let z(d) = -d**3 + 110*d**2 - 2820*d - 4080. Determine z(67).
7
Let b(n) = -3*n**3 + 119*n**2 - 1006*n + 33. Give b(12).
-87
Let b(u) = 2*u**3 + 29*u**2 - 74*u + 23. Determine b(-18).
-913
Let d(g) = 12*g**3 - 752*g**2 - 250*g - 74. Determine d(63).
52
Let z(c) = -5*c**3 + 7*c**2 + 9*c - 59. Give z(4).
-231
Let c(j) = -12*j**3 - 172*j**2 - 30*j + 83. Give c(-14).
-281
Let z(c) = c**2 + 21*c - 2148. Determine z(34).
-278
Let t(r) = -r**3 + 38*r**2 - 338*r - 285. Calculate t(22).
23
Let m(j) = -14*j**2 - 177*j - 107. Give m(-17).
-1144
Let n(x) = 4*x**2 - 1146*x - 3122. What is n(289)?
-232
Let r(i) = -200*i**2 + 1537*i - 55. Calculate r(6).
1967
Let p(d) = -192061*d - 576192. What is p(-3)?
-9
Let l(b) = 16523*b - 182669. Calculate l(11).
-916
Let q(b) = b**3 - 166*b**2 + 5822*b - 2556. Determine q(116).
-4
Let k(t) = 2*t**2 + 1920*t + 308455. Give k(-204).
7
Let b(w) = -638*w + 24274. Determine b(38).
30
Let h(m) = 2*m**3 + 71*m**2 + 281*m + 1844. What is h(-32)?
20
Let w(p) = -p**3 + 46*p**2 - 342*p + 553. Give w(36).
1201
Let i(g) = -g**2 + 530*g - 68917. Calculate i(228).
-61
Let n(x) = -1574*x + 39304. Give n(25).
-46
Let c(b) = 2*b**3 + 80*b**2 - 23*b. Give c(-40).
920
Let y(x) = -77*x**3 + 2*x**2 - 67*x + 573. What is y(5)?
-9337
Let z(h) = 6*h**3 - 851*h**2 - 82*h - 8269. Determine z(142).
251
Let w(o) = -32*o**2 + 56*o + 321. Calculate w(-5).
-759
Let l(a) = 36*a**2 - 412*a + 122. Determine l(11).
-54
Let c(k) = -84*k**2 + 60*k - 88. Determine c(-3).
-1024
Let l(a) = -6*a**3 - 1222*a**2 + 1640*a + 53. What is l(-205)?
53
Let j(b) = 2*b**2 - 429*b - 88625. Give j(-129).
-2
Let u(l) = -2*l**2 - 28*l + 700. What is u(11)?
150
Let g(p) = 242*p - 4255. Calculate g(17).
-141
Let l(f) = 23298*f + 1118312. What is l(-48)?
8
Let p(y) = 2649*y + 14411. What is p(-6)?
-1483
Let u(h) = -4*h**2 + 1159*h - 71357. What is u(201)?
-2
Let r(n) = n**3 + 303*n**2 + 516*n - 25879. Calculate r(-301).
7
Let s(l) = -5*l**2 - 3308*l - 36220. Calculate s(-11).
-437
Let q(u) = -3076*u + 27679. Determine q(9).
-5
Let u(v) = 2*v**3 + 1583*v**2 - 744*v + 38014. Calculate u(-792).
-2
Let s(v) = v**3 - 122*v**2 - 632*v - 427. Determine s(127).
-46
Let r(f) = -3*f**2 + 578*f + 61519. Give r(269).
-82
Let y(o) = -2*o**3 - 359*o**2 + 905*o - 2189. Determine y(-182).
-1279
Let c(q) = -677*q**2 - 4760*q - 20. Calculate c(-7).
127
Let w(s) = 190*s - 43198. Give w(232).
882
Let t(o) = -2*o**2 - 2696*o + 231400. What is t(81)?
-98
Let u(j) = 21*j**2 + 4060*j + 1366. Give u(-193).
15
Let o(p) = 4*p**2 + 287*p + 2626. Calculate o(-13).
-429
Let d(z) = -3891*z + 143949. Determine d(37).
-18
Let z(d) = -d**3 + 279*d**2 + 1379*d - 206. Calculate z(-5).
-1
Let a(t) = -672*t + 264760. Calculate a(394).
-8
Let t(l) = -1234*l + 9583. Calculate t(8).
-289
Let l(b) = 2*b**3 + 29*b**2 + 259*b + 1912. What is l(-16)?
-3000
Let j(d) = 147327*d + 9576277. Calculate j(-65).
22
Let o(m) = 254226*m + 3304951. What is o(-13)?
13
Let o(h) = -314*h - 120921. Give o(-385).
-31
Let d(p) = -p**3 + 71*p**2 - 1132*p - 459. Determine d(25).
-9
Let r(l) = 4396*l - 105517. What is r(24)?
-13
Let c(t) = 346*t + 45323. Give c(-131).
-3
Let m(x) = 746*x**2 - 167098*x - 1330. What is m(224)?
14
Let c(g) = g**3 + 75*g**2 - 4556*g + 5106. Give c(-115).
46
Let s(p) = -77317*p + 1082434. Give s(14).
-4
Let d(j) = 4*j**2 - 354*j + 7557. What is d(36)?
-3
Let r(p) = -211*p + 25325. Determine r(120).
5
Let r(b) = 927*b + 2476. What is r(-4)?
-1232
Let p(w) = 661*w - 27133. Calculate p(41).
-32
Let a(p) = 71*p - 5916. What is a(76)?
-520
Let h(z) = -2*z**2 + 154*z - 2542. Calculate h(24).
2
Let b(c) = -2*c**2 - 982*c - 32222. Calculate b(-34).
-1146
Let q(d) = -785159*d - 17273502. Determine q(-22).
-4
Let d(m) = m**2 + 722*m + 98655. Determine d(-183).
18
Let z(o) = 3*o**3 - 39*o**2 + 59*o - 174. Determine z(12).
102
Let z(t) = t**3 + 36*t**2 + 1071*t + 18738. What is z(-24)?
-54
Let g(t) = -1397*t - 1040587. Give g(-745).
178
Let m(s) = -2*s**3 + 39*s**2 + 107*s - 2309. What is m(19)?
85
Let x(m) = m**3 - 3*m**2 - 7*m - 81. Determine x(9).
342
Let o(l) = 45*l**3 + 3913*l**2 - 257*l - 7215. Give o(-87).
6
Let o(n) = -38*n - 2100. Calculate o(-33).
-846
Let g(v) = -3*v**2 + 1447*v - 168397. Calculate g(286).
57
Let x(n) = n**3 + 25*n**2 - 36*n - 268. Give x(-26).
-8
Let j(g) = 3*g**2 + 163*g - 1377. What is j(8)?
119
Let g(v) = -70*v**2 + 4944*v + 1843. Give g(71).
-3
Let j(k) = -9*k**3 - 23*k**2 + 35*k - 135. What is j(7)?
-4104
Let w(c) = -31057*c - 590074. Determine w(-19).
9
Let z(n) = 2419*n - 14800. Calculate z(6).
-286
Let u(q) = -7*q**3 - 2094*q**2 - 311*q - 3421. Calculate u(-299).
167
Let p(a) = 13686*a + 287347. What is p(-21)?
-59
Let r(t) = 71*t**2 - 728*t - 1444. What is r(-2)?
296
Let s(u) = -802*u - 2953. What is s(-2)?
-1349
Let i(d) = -1984*d - 1876. Give i(-2).
2092
Let h(z) = 32*z**2 + 298*z + 629. Give h(-6).
-7
L